8 a multiple of 472?
False
Does 203 divide 439698?
True
Is 24 a factor of 130401?
False
Is 4 a factor of 2268674?
False
Is 227552 a multiple of 13?
True
Is 355 a factor of 1169184?
False
Is 322299 a multiple of 9?
True
Does 2 divide 49267?
False
Is 33702032 a multiple of 728?
True
Does 16 divide 182848?
True
Is 1428864 a multiple of 16?
True
Is 1364896 a multiple of 416?
True
Does 24 divide 4272?
True
Is 7 a factor of 123019?
False
Is 3 a factor of 126396?
True
Is 351245 a multiple of 47?
False
Does 275 divide 132000?
True
Does 64 divide 131066?
False
Does 765 divide 1328040?
True
Does 18 divide 1627130?
False
Does 94 divide 823158?
True
Is 211524 a multiple of 12?
True
Is 519678 a multiple of 154?
False
Is 47 a factor of 151900?
False
Is 117 a factor of 442847?
False
Is 7 a factor of 1425936?
False
Does 252 divide 1414998?
False
Is 2958917 a multiple of 211?
False
Does 29 divide 3266966?
True
Does 64 divide 516483?
False
Does 238 divide 1659842?
False
Does 25 divide 116379?
False
Does 53 divide 13849157?
False
Is 427 a factor of 3459063?
False
Is 528 a factor of 775475?
False
Is 32372 a multiple of 33?
False
Is 888693 a multiple of 13?
True
Is 51034 a multiple of 79?
True
Is 162 a factor of 214885?
False
Does 10 divide 1644678?
False
Does 7 divide 2052232?
True
Does 9 divide 15804?
True
Is 33 a factor of 3060263?
False
Does 49 divide 9751?
True
Is 103 a factor of 89610?
True
Is 26 a factor of 19299?
False
Is 186690 a multiple of 98?
True
Is 193 a factor of 215581?
True
Is 114836 a multiple of 76?
True
Is 28 a factor of 714252?
True
Is 33 a factor of 1348446?
True
Does 14 divide 16450?
True
Does 15 divide 3968070?
True
Is 140 a factor of 510501?
False
Does 74 divide 9484329?
False
Is 119 a factor of 7694?
False
Is 112215 a multiple of 352?
False
Is 118421 a multiple of 79?
True
Does 100 divide 153415?
False
Does 20 divide 101080?
True
Does 71 divide 993574?
True
Does 82 divide 698485?
False
Is 16 a factor of 280816?
True
Is 11212552 a multiple of 19?
False
Is 595960 a multiple of 47?
True
Is 665211 a multiple of 119?
False
Is 507 a factor of 6485037?
True
Is 233 a factor of 2918375?
False
Does 122 divide 25080?
False
Does 14 divide 2459506?
True
Is 1257172 a multiple of 28?
True
Does 176 divide 459923?
False
Is 27 a factor of 4547?
False
Is 330831 a multiple of 72?
False
Is 201541 a multiple of 43?
True
Does 18 divide 23490?
True
Does 700 divide 11831400?
True
Is 10608 a multiple of 6?
True
Is 986861 a multiple of 31?
False
Is 5352890 a multiple of 18?
False
Is 46 a factor of 1819940?
False
Does 231 divide 838530?
True
Does 343 divide 99374?
False
Is 195 a factor of 20224425?
True
Is 3004900 a multiple of 199?
True
Is 12 a factor of 3188709?
False
Does 9 divide 598738?
False
Does 2 divide 226439?
False
Is 47147 a multiple of 59?
False
Is 13921608 a multiple of 347?
False
Is 8 a factor of 1309800?
True
Is 450968 a multiple of 7?
True
Is 330076 a multiple of 7?
False
Does 164 divide 2475368?
False
Does 62 divide 1392504?
False
Is 102155 a multiple of 6?
False
Does 442 divide 778739?
False
Is 1518426 a multiple of 546?
True
Does 12 divide 358164?
True
Is 179 a factor of 60144?
True
Is 263906 a multiple of 20?
False
Is 824908 a multiple of 17?
True
Does 18 divide 17497?
False
Does 868 divide 3274096?
True
Is 5 a factor of 657764?
False
Does 304 divide 488666?
False
Is 46 a factor of 104972?
True
Is 16 a factor of 156171?
False
Is 1566321 a multiple of 111?
True
Does 39 divide 120979?
False
Does 16 divide 58237?
False
Does 1423 divide 2188574?
True
Does 17 divide 2060241?
False
Is 41 a factor of 745872?
True
Is 32132 a multiple of 16?
False
Is 2781594 a multiple of 54?
True
Does 11 divide 2007577?
True
Is 13 a factor of 3022337?
False
Is 1238864 a multiple of 16?
True
Does 76 divide 2583549?
False
Is 52 a factor of 611341?
False
Does 185 divide 638295?
False
Does 18 divide 109944?
True
Is 77 a factor of 6398241?
False
Is 14300 a multiple of 52?
True
Is 2086644 a multiple of 7?
True
Is 208 a factor of 5832642?
False
Is 21 a factor of 19962705?
True
Does 136 divide 70720?
True
Does 363 divide 201102?
True
Is 3086685 a multiple of 9?
True
Is 4627831 a multiple of 13?
True
Is 37045 a multiple of 5?
True
Is 19851 a multiple of 39?
True
Is 5530470 a multiple of 30?
True
Is 13 a factor of 9072232?
True
Is 85 a factor of 57474?
False
Is 644 a factor of 79212?
True
Is 875 a factor of 1561155?
False
Is 10238442 a multiple of 41?
False
Is 1403248 a multiple of 536?
True
Is 6351629 a multiple of 461?
False
Is 16 a factor of 920766?
False
Does 11 divide 76437?
False
Does 15 divide 210413?
False
Is 74524 a multiple of 124?
True
Is 195993 a multiple of 61?
True
Is 25 a factor of 206764?
False
Does 6 divide 105968?
False
Is 11870 a multiple of 10?
True
Does 310 divide 90210?
True
Is 310913 a multiple of 4?
False
Does 16 divide 2255152?
True
Is 165 a factor of 129855?
True
Is 17850 a multiple of 85?
True
Is 16726842 a multiple of 18?
True
Does 12 divide 1040736?
True
Is 1459033 a multiple of 43?
True
Does 14 divide 1413589?
False
Is 105 a factor of 203644?
False
Is 1323 a multiple of 27?
True
Does 15 divide 13695?
True
Does 96 divide 1639392?
True
Is 14207154 a multiple of 78?
True
Is 1885 a factor of 13311870?
True
Is 920 a factor of 5491480?
True
Is 17 a factor of 3275250?
False
Is 3524140 a multiple of 20?
True
Is 353 a factor of 11790906?
True
Is 27 a factor of 585495?
True
Is 17067960 a multiple of 1638?
True
Does 62 divide 4289541?
False
Does 1483 divide 24404248?
True
Is 8376410 a multiple of 10?
True
Does 8 divide 9348543?
False
Is 28 a factor of 1756776?
True
Does 263 divide 53126?
True
Is 3048871 a multiple of 57?
False
Does 158 divide 179330?
True
Is 686624 a multiple of 43?
True
Is 40824 a multiple of 567?
True
Does 368 divide 87216?
True
Does 167 divide 320604?
False
Does 121 divide 204095?
False
Is 15 a factor of 2236383?
False
Does 11 divide 335324?
True
Is 15872547 a multiple of 347?
False
Does 20 divide 6727300?
True
Is 199 a factor of 116572?
False
Is 50 a factor of 41175?
False
Is 18 a factor of 11996?
False
Is 1097972 a multiple of 44?
False
Is 47707 a multiple of 16?
False
Is 1876246 a multiple of 142?
True
Is 16 a factor of 2016704?
True
Is 539760 a multiple of 104?
True
Is 8 a factor of 3291445?
False
Is 390762 a multiple of 102?
True
Is 948 a factor of 4156980?
True
Is 935 a factor of 3466045?
True
Is 129414 a multiple of 15?
False
Is 4 a factor of 1812?
True
Does 78 divide 272635?
False
Is 12 a factor of 402224?
False
Is 1128615 a multiple of 765?
False
Is 127 a factor of 13126933?
False
Does 561 divide 1114931?
False
Is 182445 a multiple of 15?
True
Does 24 divide 815832?
True
Is 21 a factor of 757092?
True
Does 86 divide 1018068?
True
Does 84 divide 2735460?
True
Does 29 divide 234436?
True
Does 14 divide 293907?
False
Is 194 a factor of 85031?
False
Is 1064575 a multiple of 79?
False
Does 18 divide 242550?
True
Is 32 a factor of 7855264?
True
Is 1419642 a multiple of 798?
True
Is 93 a factor of 469278?
True
Does 72 divide 74024?
False
Is 40 a factor of 219727?
False
Is 439 a factor of 6802744?
True
Is 717206 a multiple of 38?
False
Is 65 a factor of 163546?
False
Is 478 a factor of 303052?
True
Does 383 divide 17084098?
True
Does 2 divide 176773?
False
Does 53 divide 11978?
True
Is 4 a factor of 62813?
False
Is 1041 a factor of 394356?
False
Is 126820 a multiple of 68?
True
Is 3362041 a multiple of 52?
False
Does 4 divide 344000?
True
Is 490 a factor of 128870?
True
Is 24 a factor of 572208?
True
Is 12 a factor of 230769?
False
Is 4 a factor of 2107587?
False
Does 286 divide 27456?
True
Is 54 a factor of 2351646?
True
Does 7 divide 404845?
True
Does 30 divide 4734305?
False
Is 71 a factor of 203486?
True
Is 1654653 a multiple of 57?
True
Does 115 divide 17439055?
False
Is 50784 a multiple of 731?
False
Is 70 a factor of 4677331?
False
Is 241 a factor of 537430?
True
Is 25245 a multiple of 3?
True
Is 40 a factor of 98315?
False
Is 997 a factor of 19749573?
True
Is 11 a factor of 66617?
False
Is 46926 a multiple of 22?
True
Does 751 divide 3250328?
True
Is 51185 a multiple of 145?
True
Is 3887220 a multiple of 340?
True
Does 13 divide 8964410?
True
Does 81 divide 126117?
True
Does 37 divide 448181?
True
Does 220 divide 1066146?
False
